 -3 + 48 - (-216 - -109 - -92)?
60
Calculate -20 + 9 + (10 + -18 - (84 - 7)).
-96
What is (6 - -5 - 51) + 7 + 4 + 3?
-26
118 - (7 - 7 - (-17 + 6 + 26))
133
Calculate (-29 - -66) + (3 - ((0 - 3) + 0) - -9).
52
What is the value of -12 + -11 + (-7 - -4 - -19) + 34?
27
What is -1 + 9 + (80 + -57 - 17) + -59 + 2?
-43
What is the value of (-17 - (19 - -2 - -1)) + (-7 - -3)?
-43
-6 + (-5 - -26) + -23 + 20 - (0 - -24)
-12
Evaluate 5 + -5 + (18 - 22 - 71).
-75
Evaluate 140 + -1 + (1 + 62 + -63 - 1).
138
Evaluate -2 + -126 + -19310 + 19367.
-71
Calculate 48 - 17 - (-107 + 111).
27
Evaluate 5 + (-104 + -1 - ((3 - 8) + (16 - 21))).
-90
(17 - (-1 + (-10 - -16) - 2)) + 11
25
Evaluate -98 + 10 + (-231 - -270).
-49
What is -103 + (25 - (23 - -12)) + -2 + (-5 - 4)?
-124
Evaluate (-1 - (1 - -1)) + 1 - (89 + -49 - 108).
66
What is the value of (-92 - -49) + 31 + -9?
-21
Calculate -40 - ((139 - -24) + -102).
-101
What is 47 + -11 + (-82 + 74 - (2 + -3))?
29
Evaluate -12 + -2 + 8 + -86 + 98 - -2.
8
Calculate -19 - (29 - (81 - 95)).
-62
Evaluate -17 - (2 + (-6 - -19) + -64).
32
Evaluate ((-13 - -41) + (3 - (5 + 0)) - -4) + 8.
38
Evaluate 6 + -23 + 19 - 31 - -38.
9
Evaluate 9 + -10 + 15 + -96 + -7 + 21.
-68
Evaluate 5 - (19 - -9) - -21 - 50.
-52
What is the value of (-34 - 4) + 82 - 77?
-33
What is the value of -12 + 25 + (-14 - ((-3 - 2) + 10))?
-6
1 + (21 - 7 - 0) + -12
3
-72813 + 72796 - (0 + 4 + 1)
-22
134 - (-17 - (-26 + 3 + (67 - 69)))
126
Calculate 54 + 39 + -60 + 31.
64
-1 + (-10 - -17) - (0 + 3 + -39 + 3)
39
What is the value of 410 + -393 + (2 - (-49 + -5) - 6)?
67
(-48 - ((-8 - -5) + -11)) + -6 - 1
-41
Calculate 18 + -25 + -58 + (-11 + 11 - 1).
-66
What is 66 + (14 - 17) + -11 + 1 - -12?
65
-310 + 325 - (0 - -13) - 10
-8
Evaluate -11 + -8 + 29 + 3 + -8 + 0.
5
What is the value of -39 + 33 + (-8 - (6 + -11)) + 56?
47
What is -26 - (-38 + 17 - -8) - (-61 + -1)?
49
Calculate 11 - (441 + -445 + (0 - -154) + -15).
-124
What is the value of -64 + 57 + 36 - (-8 - 10)?
47
What is 11 + -63 + (7 - (8 - -1)) + -1 + -3?
-58
31 + 7 + 185 + -205
18
-3 + -28 - (-13 - -2) - 24
-44
Evaluate (-217 - -163) + (6 - -2).
-46
Evaluate -35 + 35 + 21 - 65.
-44
What is (24 - -80) + -47 - -7?
64
What is -16 + -2 - 51 - (5 - 15) - 13?
-72
Calculate -31 + (44 - 36) + 20 + 17.
14
Calculate -19 - (42 + (-4 - 17) + 2).
-42
Evaluate (39 - 23) + -31 + 25 + 52.
62
What is -26 + -7 - -102 - (0 - (-1 - -4))?
72
(-2 + 28 - (17 - (-37 - -53))) + -8
17
What is -8 + (-4 - (-9 + 0)) + 90 - (30 + -39)?
96
Evaluate (-4 - -11) + (49 - (-33 - -97)).
-8
Calculate (60 - -4 - 2) + -2963 + 3002.
101
Calculate -16 + 3 + 53 + -65 + 56.
31
Evaluate 8 + 7 - ((1 - (-50 + -22)) + -8).
-50
What is (64 - -1) + 1 + 0 + -296 + (-168 - -455)?
57
23 + (12 - 80) + (8 - -11)
-26
-27 + -36 + 1 + 54
-8
What is the value of 13915 + -13956 - (0 - 153)?
112
Evaluate (-1 - (5 + -43)) + (-8 - (-33 - -19)).
43
What is the value of 453 + -503 + -3 + -3?
-56
What is the value of 8 - (15 + (1 - 2)) - -4 - (15 - -27)?
-44
1 - 0 - 0 - 0 - (377 + -376)
0
What is the value of 64 + 0 + (-7 - (-6 - 10)) + -2 + -6?
65
-29 + (-12 - (9 - 81)) - -14
45
Evaluate (-4 - 1) + (98 - 89) + -41.
-37
Evaluate ((24 - -22) + -88 - -42) + 1 + 31.
32
What is the value of (-2 - 8) + (-33 + 37 - (4 + -5) - 33)?
-38
-33 + (-4 - (5 - (21 - -1)))
-20
What is (-8 + -19 - -31 - 6) + -22 + -1?
-25
What is (-57 - (-44 + 25)) + 2?
-36
Evaluate -17 + ((-1 - -4) + 9 - (-143 - -127)).
11
Evaluate 8 - (39 + -40 + 13 + (-6 - -13) + -9).
-2
What is the value of 4 - (19 - (-8 + 10)) - -43?
30
Calculate -35 - 7 - -23 - (9 + 1).
-29
Calculate -2 + -10 - (-10 + 4 + -2 - -13).
-17
Calculate 1 + 76 - (-345 + 464).
-42
What is the value of 15 + 0 + (4 - 14) - 42 - (18 + -6)?
-49
Evaluate 14 + -12 - 55 - 4.
-57
What is the value of 411 - 141 - 280 - (0 + 1 + -20)?
9
(-2 - (-3 + (-2 - 0))) + (-359 - -396)
40
What is 27 - ((-14 - 2 - 2) + 39)?
6
(-484 - -477) + (-5 - (-2 - 158)) + 1
149
Calculate (98 - (32 - 20)) + -81.
5
What is the value of (-85 - -20 - -56) + (4 + 4 + -9 - 79)?
-89
What is 22 + 3 + (8 - 30) + 17?
20
What is the value of -14 - ((20 - -22 - 25) + 2)?
-33
What is 1 + 12 + (-7 - 53) + 31 - -16?
0
-5682 + 5670 + -18 + -1 + 2
-29
What is 162 + -75 + (-103 - -82)?
66
Evaluate -176 + 90 + -26 + 31.
-81
What is the value of (-92 + 6 - -19) + -13?
-80
What is the value of (5 - 15) + -4 + 6 + (40 - -1) + -7?
26
-26 - -14 - -10 - ((-84 - 0) + 90 + -87)
79
Evaluate 5 + -1 + -14 + 19 + -1 + 10.
18
Evaluate -96 - -140 - 44 - (-2 + 8 + -1).
-5
What is (95 - 18) + -1 + -1 + (49 - 66)?
58
-21 - (-18 - (27 + -37) - -8)
-21
Calculate (134 - 97) + (4 + -4 + -3 - -18).
52
Calculate (-1 - -55) + 22 + -105.
-29
(7 - (14 + (0 + 9 - 13))) + -9
-12
Evaluate (109 + (0 - -8) - -1) + -31 + -13 + 46.
120
What is the value of -21 + 123 + -19 - (1 + (9 - 2 - 11))?
86
Calculate (36 - (4 + 0)) + (11 - (-21 + 36)).
28
What is the value of (2 + 3 - (2 - (-12 + 10))) + 96?
97
What is the value of (7 - 4 - (0 - -12) - (2236 - 2247)) + -7?
-5
What is 17 - ((-5 - -3) + (-7 - -7) + -8)?
27
What is -10 + (-5 - (-2 + 5)) + (106 - (-30 + -5))?
123
What is 9 + (-96 + 140 - 31)?
22
What is the value of 41 - (1 - 2) - (-14 + 11 - -12)?
33
What is the value of 12 - (-29 - (-32 - 0) - (-41 - 0))?
-32
Evaluate 5 + 1 - (-29 - -15) - 0.
20
(0 - 59) + (427 + -449 - (-4 + -18))
-59
Evaluate 27 + (-125 - -25) + -3 + (-26 - -11).
-91
Calculate -1 - 12 - (9 + 3 + (-14 - 11) + 9).
-9
Evaluate -1 + 1 + (176 + -57 - 103).
16
What is the value of (1 - -8) + -144 + 148 + (-52 - 6)?
-45
-10 - (-5 - -35 - 0 - 22 - (1 - -63))
46
Evaluate (9 + -13 - -14) + 18 + -13.
15
Calculate (28 + -30 - -15) + 34.
47
Calculate (-2 - -10) + -8 - (3 - 0 - 12) - 7.
2
-23 + 53 + -101 + 36
-35
9 + -9 + (6 - (-1 + -5 + (-15 - -18)))
9
Calculate 1 + 1 - -21 - (49 - (2 + -105)).
-129
-46 + 46 + -37 + 29 - (4 + (2 - 2))
-12
(65 + -66 - (1 - -6)) + (12 - 58)
-54
What is the value of (-9 - 91) + (58 - 9)?
-51
Evaluate (70 - 113) + 95 - 2.
50
-6 + (-9 + 2 - -32) + -6 + 4
17
What is the value of 46 - (-68 - -99 - (26 + -22))?
19
Evaluate (-5653 - -5666) + (120 - (-3 - (-3 - -1))) + 1.
135
Evaluate -41 - (128 - (212 + -92)).
-49
-162 - (-107 - 40) - (0 + 0 + -25)
10
Calculate -214 - (-66 - 37) - -93.
-18
Calculate 11 - 17 - (13 + -147 + 9 + 15).
104
Calculate 3 - (6 + 1 + (-30 - (-26 - -20))).
20
What is -74 + (2 - 6) + (-1081 - -1051)?
-108
Calculate -64 - ((109 - 103) + -131).
61
(43 - (-39 + 119)) + -3
-40
-42 + (6 - 7) - (0 + 1) - (32 + -31)
-45
What is the value of -121 - (14 - (-5 + 4 + 36))?
-100
What is -20 + 1 + (18 - (26 + -1 - (239 + -243)))?
-30
0 + (4 - (-3 - 1 - (19 + -36)) - -45)
36
Calculate (0 - 1) + (62 - 67) + 72 + -60 + -100.
-94
1 + -1 + 7 - (-135 - -1 - -23 - 23)
141
Evaluate 103 - (39 + 17) - 13.
34
What is -136 + 154 + (-126 - -61)?
-47
Calculate (-23 - (6 + -35 + 25)) + -39.
-58
Calculate 20 - (4 + 4) - -1 - 75.
-62
Calculate 23 - (12 + 2 + (8 - 10)).
11
Calculate -4 + 13 + (-51 - (-104 + 67)).
-5
What is -82 + -101 + (-101 - -211)?
-73
What is (-146 + 144 - -10) + 126?
134
What is 3195 + -3198 - (-1 + 38)?
-40
Evaluate -7 + (-6 - (-4 + 10) - (-13 + -69)).
63
What is 81 + -2 + 11 + -29 - -31?
92
Calculate -9 + -2 + (-119 - 4) + (407 - 422).
-149
What is (6 - 19 - (-22 - (-63 + 4))) + 18?
-32
What is the value of (-20 - (21 - 42)) + 42?
43
What is 11 + -7 + 5 - (58 + 10)?
-59
Calculate -3791 + 3802 - (0 + -1 + 1).
11
What is (-2 - -9 - (28 - 21)) + 12 + -25?
-13
Calculate -325 + 347 - (-5 - -5 - -55).
-33
Evaluate -3 + 0 + 4 - (-1100 - -1057).
44
Calculate 121 + (-5 - 32) - 42.
42
Calculate -6 + (23 - (-9 + -13)).
39
113 - 2 - (112 - -91)
-92
Calculate (131 - 0) + (1325 - 1387).
69
Calculate (23 - -8) + (-32 - 34).
-35
-25 - (23 - 58) - (3 - -6) - 4
-3
Evaluate (87 - -8) + (-328 - -326 - (0 + 18) - -9).
84
-2 - (-48 - -41 - -35)
-30
Calculate -23 - ((6 - (1 - (4 + -4))) + -13).
-15
What is ((-20 + 8 - -5) + 12 - 106) + (38 - 52)?
-115
Evaluate (-7 - (-39 + 27 - -7 - (1 - 8))) + -5.
-14
What is the value of 1 - ((426 - 429) + (1 - 11))?
14
What is the value of 62 + 15 + -54 - 52?
-29
Evaluate 0 + 31 - ((-136 - -140) + 88).
-61
Evaluate 88 + -28 + 13 + 3 + (-33 - -2).
45
What is 26 - (7 + -14 + 39) - (-102 + 0)?
96
Calcu